9
What are the prime factors of 5243?
7, 107
List the prime factors of 10271.
10271
What are the prime factors of 128?
2
What are the prime factors of 27147?
3, 9049
What are the prime factors of 2395?
5, 479
What are the prime factors of 25330?
2, 5, 17, 149
What are the prime factors of 15894?
2, 3, 883
What are the prime factors of 6824?
2, 853
What are the prime factors of 2933?
7, 419
What are the prime factors of 1793?
11, 163
List the prime factors of 1210.
2, 5, 11
What are the prime factors of 1173?
3, 17, 23
List the prime factors of 940.
2, 5, 47
What are the prime factors of 26009?
31, 839
List the prime factors of 570.
2, 3, 5, 19
List the prime factors of 669.
3, 223
What are the prime factors of 133?
7, 19
List the prime factors of 426.
2, 3, 71
List the prime factors of 66745.
5, 7, 1907
What are the prime factors of 50?
2, 5
List the prime factors of 6839.
7, 977
What are the prime factors of 40988?
2, 10247
What are the prime factors of 177?
3, 59
What are the prime factors of 12484?
2, 3121
List the prime factors of 13058.
2, 6529
List the prime factors of 18705.
3, 5, 29, 43
List the prime factors of 20686.
2, 10343
What are the prime factors of 760?
2, 5, 19
List the prime factors of 12254.
2, 11, 557
List the prime factors of 1174.
2, 587
List the prime factors of 47476.
2, 11, 13, 83
What are the prime factors of 2823?
3, 941
List the prime factors of 1228.
2, 307
List the prime factors of 135428.
2, 33857
List the prime factors of 5545.
5, 1109
What are the prime factors of 25880?
2, 5, 647
What are the prime factors of 1599?
3, 13, 41
List the prime factors of 1136.
2, 71
What are the prime factors of 1525?
5, 61
List the prime factors of 24377.
19, 1283
List the prime factors of 1379.
7, 197
List the prime factors of 11609.
13, 19, 47
List the prime factors of 10521.
3, 7, 167
What are the prime factors of 993?
3, 331
List the prime factors of 1880.
2, 5, 47
What are the prime factors of 35744?
2, 1117
List the prime factors of 8988.
2, 3, 7, 107
List the prime factors of 7420.
2, 5, 7, 53
List the prime factors of 52537.
107, 491
What are the prime factors of 13261?
89, 149
What are the prime factors of 21867?
3, 37, 197
What are the prime factors of 53582?
2, 73, 367
List the prime factors of 37772.
2, 7, 19, 71
List the prime factors of 2548.
2, 7, 13
What are the prime factors of 4355?
5, 13, 67
List the prime factors of 2882.
2, 11, 131
List the prime factors of 11487.
3, 7, 547
What are the prime factors of 2108?
2, 17, 31
List the prime factors of 156583.
7, 22369
List the prime factors of 6309.
3, 701
What are the prime factors of 8094?
2, 3, 19, 71
What are the prime factors of 22311?
3, 37, 67
What are the prime factors of 848?
2, 53
List the prime factors of 81055.
5, 13, 29, 43
List the prime factors of 1872.
2, 3, 13
What are the prime factors of 41093?
13, 29, 109
List the prime factors of 143157.
3, 7, 17, 401
What are the prime factors of 2167?
11, 197
What are the prime factors of 9757?
11, 887
List the prime factors of 9848.
2, 1231
List the prime factors of 2807.
7, 401
What are the prime factors of 2670?
2, 3, 5, 89
List the prime factors of 1155.
3, 5, 7, 11
What are the prime factors of 18258?
2, 3, 17, 179
What are the prime factors of 1264?
2, 79
List the prime factors of 68282.
2, 34141
What are the prime factors of 4576?
2, 11, 13
What are the prime factors of 57108?
2, 3, 4759
What are the prime factors of 1671?
3, 557
List the prime factors of 15147.
3, 11, 17
List the prime factors of 4241.
4241
List the prime factors of 69668.
2, 17417
What are the prime factors of 719?
719
What are the prime factors of 38638?
2, 19319
List the prime factors of 21374.
2, 10687
List the prime factors of 2880.
2, 3, 5
List the prime factors of 117654.
2, 3, 19609
What are the prime factors of 543?
3, 181
What are the prime factors of 1013?
1013
List the prime factors of 10956.
2, 3, 11, 83
What are the prime factors of 5312?
2, 83
List the prime factors of 1057.
7, 151
What are the prime factors of 11314?
2, 5657
List the prime factors of 5481.
3, 7, 29
What are the prime factors of 5636?
2, 1409
What are the prime factors of 138645?
3, 5, 13, 79
List the prime factors of 4145.
5, 829
List the prime factors of 122499.
3, 13, 349
What are the prime factors of 1773?
3, 197
List the prime factors of 37369.
37369
What are the prime factors of 35002?
2, 11, 37, 43
List the prime factors of 1963.
13, 151
What are the prime factors of 3567?
3, 29, 41
List the prime factors of 701.
701
What are the prime factors of 4874?
2, 2437
What are the prime factors of 12746?
2, 6373
What are the prime factors of 2836?
2, 709
List the prime factors of 20053.
11, 1823
List the prime factors of 95335.
5, 23, 829
What are the prime factors of 1831?
1831
List the prime factors of 7955.
5, 37, 43
List the prime factors of 1178.
2, 19, 31
What are the prime factors of 2072?
2, 7, 37
List the prime factors of 114.
2, 3, 19
List the prime factors of 1300.
2, 5, 13
List the prime factors of 531.
3, 59
List the prime factors of 22095.
3, 5, 491
What are the prime factors of 8221?
8221
What are the prime factors of 10673?
13, 821
List the prime factors of 1995.
3, 5, 7, 19
List the prime factors of 2535.
3, 5, 13
List the prime factors of 1673.
7, 239
List the prime factors of 694.
2, 347
What are the prime factors of 5605?
5, 19, 59
List the prime factors of 1437.
3, 479
What are the prime factors of 8622?
2, 3, 479
List the prime factors of 1358.
2, 7, 97
What are the prime factors of 3516?
2, 3, 293
List the prime factors of 18964.
2, 11, 431
What are the prime factors of 158827?
71, 2237
List the prime factors of 122106.
2, 3, 47, 433
What are the prime factors of 7233?
3, 2411
What are the prime factors of 820?
2, 5, 41
List the prime factors of 36.
2, 3
List the prime factors of 13452.
2, 3, 19, 59
What are the prime factors of 7738?
2, 53, 73
List the prime factors of 1204.
2, 7, 43
List the prime factors of 235.
5, 47
What are the prime factors of 4781?
7, 683
What are the prime factors of 601?
601
List the prime factors of 2407.
29, 83
List the prime factors of 32674.
2, 17, 31
What are the prime factors of 3566?
2, 1783
List the prime factors of 12660.
2, 3, 5, 211
What are the prime factors of 3311?
7, 11, 43
List the prime factors of 3532.
2, 883
What are the prime factors of 11644?
2, 41, 71
What are the prime factors of 2436?
2, 3, 7, 29
List the prime factors of 13236.
2, 3, 1103
What are the prime factors of 1555?
5, 311
List the prime factors of 433.
433
List the prime factors of 2182.
2, 1091
List the prime factors of 45921.
3, 15307
List the prime factors of 605.
5, 11
What are the prime factors of 102798?
2, 3, 5711
What are the prime factors of 10621?
13, 19, 43
List the prime factors of 3776.
2, 59
List the prime factors of 752.
2, 47
List the prime factors of 55318.
2, 17, 1627
List the prime factors of 117946.
2, 17, 3469
What are the prime factors of 48080?
2, 5, 601
List the prime factors of 393.
3, 131
What are the prime factors of 186?
2, 3, 31
List the prime factors of 3130.
2, 5, 313
List the prime factors of 76396.
2, 71, 269
List the prime factors of 109800.
2, 3, 5, 61
What are the prime factors of 3353?
7, 479
What are the prime factors of 11338?
2, 5669
What are the prime factors of 8862?
2, 3, 7, 211
List the prime factors of 12913.
37, 349
List the prime factors of 847.
7, 11
What are the prime factors of 1656?
2, 3, 23
What are the prime factors of 15885?
3, 5, 353
List the prime factors of 1199.
11, 109
List the prime factors of 139039.
163, 853
List the prime factors of 823.
823
What are the prime factors of 11132?
2, 11, 23
What are the prime factors of 1163?
1163
List the prime factors of 44809.
44809
What are the prime factors of 1927?
41, 47
List the prime factors of 11745.
3, 5, 29
List the prime factors of 1562.
2, 11, 71
What are the prime factors of 207571?
7, 13, 2281
List the prime factors of 610.
2, 5, 61
What are the prime factors of 9389?
41, 229
What are the prime factors of 3407?
3407
List the prime factors of 1472.
2, 23
What are the prime factors of 166002?
2, 3, 73, 379
List the prime factors of 9937.
19, 523
What are the prime factors of 1462?
2, 17, 43
What are the prime f